 tens digit of s(3)?
3
Suppose 0*d + 4*d = 2*m + 20, 0 = -5*d - 3*m + 3. Suppose 12 = d*r, -r + 0*r = j - 94. Let q = j + 1. What is the tens digit of q?
9
Let i(u) = -u**2 - 20*u + 61. Let j be i(-22). Let t(s) = 35*s - 69. What is the hundreds digit of t(j)?
5
Let v = 76 - 50. Suppose t - v + 20 = 0. Let c(u) = 2*u**2 - 2*u + 26. What is the tens digit of c(t)?
8
Let d be (-707)/(-2) + (-672)/(-192). Let i = 1304 - d. What is the units digit of i?
7
Let v(k) be the first derivative of k**3/3 + k**2/2 + 2*k + 5. Let b = 1817 + -1824. What is the tens digit of v(b)?
4
Suppose -97605 = -43*i + 20086. Let z = i - 1074. What is the thousands digit of z?
1
Suppose 3*g + 74 = w, 7*w - 6*w = -2*g + 84. Let k = -63 + w. What is the units digit of k?
7
Let x = -370 - -362. Let d(n) = 19*n**2 + 16*n + 1. What is the tens digit of d(x)?
8
Suppose -42*j - 17*j = 5*j - 18304. What is the tens digit of j?
8
Suppose -3*t - 14320 = 23*d - 24*d, t = -5*d + 71584. What is the units digit of d?
7
Let j = 1656 - -2795. What is the hundreds digit of j?
4
What is the units digit of 4 + 111*1568/24?
6
Let i(u) be the second derivative of -u**5/20 + 7*u**4/4 + 49*u**3/6 - 17*u**2/2 - 38*u - 1. What is the tens digit of i(23)?
5
Suppose -11248446 = -537*b + 7093068 + 6263289. What is the tens digit of b?
1
Let j be (3/(-6))/(-3 + 8793/2934). Let x = j - -537. What is the units digit of x?
0
Let d = 474 + 402. Suppose 5 = -3*w - j + 869, -d = -3*w + 3*j. What is the hundreds digit of w?
2
Suppose 3*o - 35 + 5 = 0. Let s(j) = -j**3 + 9*j**2 + 8*j + 14. Let v be s(o). What is the units digit of ((-3 - 1)*-1)/(v/(-51))?
4
Let h = 4493 - -100. What is the thousands digit of h?
4
Suppose 4*n + 34 = 90. Suppose -11*y = -n*y + 918. What is the tens digit of y?
0
Let i(y) = y + 10. Let o be i(-6). Suppose -2*x + 59 = -o*q + 1575, 0 = -4*q - 5*x + 1516. What is the tens digit of q?
7
Suppose 0*c + 6*c + 16*c = 131208. What is the hundreds digit of c?
9
Let i(l) = -91*l - 78*l + 6 + 178*l - 45. Let x be i(8). Suppose -g + x = -78. What is the tens digit of g?
1
Let g = 12557 + 2148. What is the tens digit of g?
0
Suppose -29 = -5*c - 9. Suppose c*w = -0*y + 2*y + 76, w = 5*y + 19. Suppose 0 = w*p - 24*p + 270. What is the tens digit of p?
5
Let i(j) = 12740*j + 51. What is the units digit of i(2)?
1
Let k(m) = -m**3 - m**2 + m + 8. Suppose 2*w = -5 + 5. Let q be k(w). Suppose 0 = -q*x - 148 + 972. What is the hundreds digit of x?
1
What is the thousands digit of 508960/256 + (-2 - (-30)/16)?
1
Let d(m) = m**3 + 82*m**2 - 111*m - 141. What is the tens digit of d(-80)?
3
Suppose 2*x + 9 = -5*j + 2*j, 2*j = 3*x + 20. Let u be (-15 + -4 + 1)/(x/(-28)). Let z = 151 + u. What is the tens digit of z?
6
Suppose 3*c = -5*g + 31588, -c + 10555 = -6*g + 4*g. What is the thousands digit of c?
0
Let p = -6351 - -13722. What is the tens digit of p?
7
Suppose -374*q + 5*y = -370*q - 79338, 2*q - 39668 = 3*y. What is the thousands digit of q?
9
Let y be -2*(21/(-4))/(9/(-6)). Let a be (720/175 + (-2)/y)*15. Suppose 200 = -65*t + a*t. What is the tens digit of t?
0
Suppose 0 = -11*h - 14813 + 44993 + 8507. What is the thousands digit of h?
3
Let y = -569 - -207. Let r = y + 632. What is the units digit of r?
0
Let z(h) = 68*h**2 + 27*h**2 - 75*h**2 + 229. What is the units digit of z(0)?
9
Let i(s) = -11*s - s**2 + 19 - 3*s + s. Let q be 13*(-5 + 630/130) - (6 - -2). What is the tens digit of i(q)?
4
Let s(n) = n**2 + 13*n - 21. Let g(x) = 3*x**2 + 38*x - 62. Let p(u) = 6*g(u) - 17*s(u). Let y be p(-7). Let m = y - -18. What is the units digit of m?
3
Let s(u) = 132*u**2 - u - 333. What is the hundreds digit of s(11)?
6
Suppose 5*l - 20 = 0, l = 2*i + 4*l. Let k be 1/(10/4) - 2736/(-60). Let t = k - i. What is the units digit of t?
2
Suppose -4*s - 7308 = -0*u - 4*u, -5*s = 5*u - 9115. What is the thousands digit of u?
1
Suppose -44*y - 27*y + 90*y - 687876 = 0. What is the ten thousands digit of y?
3
Suppose j - 70 = -3*u, -5*j - 102 = -5*u - 3*j. Suppose 40608 = 26*y + u*y. What is the hundreds digit of y?
8
Suppose -18*h + 10*h = -11856. Let d = 58 + h. Suppose -5*q + 15*q = d. What is the hundreds digit of q?
1
Suppose 12 + 18 = -10*a. Let f be (a/(-12))/((-4)/(-48)). Suppose -9*g + f*g + 198 = 0. What is the tens digit of g?
3
Let r be (-5 - -17)*30/18. Suppose -r*m = -5*m - 5010. What is the units digit of m?
4
Let p = -12 + -60. Let f be p/(-16) + (-2)/4. Suppose -f*g + 246 - 38 = 0. What is the tens digit of g?
5
Let l be (-4 + (-105)/(-28))*40/(-2). Suppose -9*h = -l*h + 1224. What is the tens digit of (h/(-119))/(3/56)?
4
Let q(p) = 4*p - 4. Let z be q(2). Suppose -4*i + 35 = b - 76, -4*i - z*b = -96. What is the units digit of i?
9
Suppose -47*c + 2814166 = 4*c - 13*c. What is the thousands digit of c?
4
Let h(s) = 95*s - 496. What is the hundreds digit of h(53)?
5
Suppose 0 = -13*t + 126251 - 86018 + 320465. What is the tens digit of t?
4
Suppose 2*q = 7*q - 15, 0 = -3*b - 2*q + 51. Let o(h) = 10*h + 58. What is the hundreds digit of o(b)?
2
Suppose 16*p = 15*p + 35. Let m be (0 - -1) + p/(-14)*-2. Suppose 4*t + s = m*s + 1137, -4*s + 279 = t. What is the tens digit of t?
8
Let d = 74563 + -15111. What is the thousands digit of d?
9
Let o = -26 - -18. Let h(f) = 7 + 3*f + 5*f**2 + 2 - 26. What is the units digit of h(o)?
9
Suppose -4*d = 104*a - 105*a + 35731, 0 = 5*a - d - 178769. What is the ten thousands digit of a?
3
Let h(j) = -387*j**2 + j. Let l be h(-1). Let g be (l/(-3))/(16/24). Suppose p = -p - q + 134, -g = -3*p - 5*q. What is the units digit of p?
8
Let p = 1369 + -749. Let v = p + -380. What is the units digit of v?
0
Let b(x) = -x**3 + 30*x**2 + 24*x - 16. Let r = -275 + 305. What is the units digit of b(r)?
4
Suppose 3*j - 6*r + 21 = -3*r, 0 = j + 5*r - 23. Let i(p) = -7*p**3 - 5*p**2 - 5*p - 1. Let d be i(j). Let t = d - 1. What is the tens digit of t?
4
Suppose -10*l = -45773 - 30587. What is the hundreds digit of l?
6
Let f(y) = -20*y**3 - 2*y**2 - y + 2. Let q be (-6)/8 - (-2 + 27/12). Let m be (-18 + 14)*q/(4/(-2)). What is the hundreds digit of f(m)?
1
Suppose -13 = -2*d - s, -6*d + 2*s = -d - 46. Suppose d*o - 45 = 3*o. Suppose -c + o = -5*j - 19, 2*j = 2*c - 64. What is the tens digit of c?
3
Let n = 7656 + -4176. What is the units digit of n?
0
Let t = 27873 - 15218. What is the ten thousands digit of t?
1
Let v be (55/(-22))/(1/(-8)). Let b(g) = g**2 - 16*g + 96. What is the units digit of b(v)?
6
Let j(m) = -m**2 + 5*m - 7. Let l be j(3). Let u be (l/2)/((-15)/(-60)). What is the hundreds digit of (2/3)/(u/(-426))?
1
Suppose 0*d = 3*d + 9. Let u be ((-32)/3)/(d + 460/156). Suppose 140 = 4*g - 5*y - 39, -5*g = -y - u. What is the tens digit of g?
4
Suppose -z = -8*z + 364. Let s be z/12 + 12/(-9). Suppose -4*j = -s*x + 39 + 311, -4*j + 200 = 2*x. What is the units digit of x?
0
Let r(z) = 1248*z - 2089. What is the ten thousands digit of r(13)?
1
Suppose 0 = -4*a + 6*d - 2*d, -3*d = 5*a - 32. Let z(j) = j**3 + 4*j**2 - 7*j - 4. Let b be z(-5). Suppose -b*f = -a*f - 122. What is the tens digit of f?
6
What is the units digit of (-1 - -8) + (-196500)/(-22) + 2/11?
9
What is the hundreds digit of 34/((-16)/8) + 8316?
2
Let j = -28 - -43. Let y be (-2 - (-22)/5) + 9/j. Suppose 0 = -u + 5*g - 3, 2*u - 5*g = -y*g + 34. What is the tens digit of u?
2
Suppose -4*o - 391 = 5*b, -5*b + 2*o = -10*b - 393. Let m = b - -320. What is the units digit of m?
1
Suppose 49*l - 16*l - 1386 = 0. What is the thousands digit of 12/l - 14542/(-14)?
1
Suppose 72 = -2*d - 2*a, -5*d + 4*a + 75 = 210. Let h = d - -209. Let j = h + -43. What is the tens digit of j?
3
Suppose 13*m = 8 - 138. Let o(c) = 19*c**2 + 50*c + 16. What is the hundreds digit of o(m)?
4
Let f(k) = 2*k - 5. Let v be f(4). Suppose -v*w + 1 + 8 = 0. Suppose -3*x - x + 341 = -w*p, 5*p = -4*x + 349. What is the units digit of x?
6
Suppose 353511 = 7*c + 33849. What is the units digit of c?
6
Suppose -d + 2*d - 4*d = 0. Suppose 12*j - 464 - 580 = d. What is the tens digit of j?
8
Let f be (-44)/3*(-6)/(-2). Let r(d) = 40*d**2 - 16*d + 27. Let g be r(2). Let l = f + g. What is the tens digit of l?
1
Suppose 60*n - 398373 = 3*n. What is the units digit of n?
9
Let f = 6980 - -207. What is the hundreds digit of f?
1
